{"id":394,"date":"2023-07-15T21:31:20","date_gmt":"2023-07-15T21:31:20","guid":{"rendered":"http:\/\/krysztofiak.pl\/?page_id=394"},"modified":"2023-07-16T21:40:10","modified_gmt":"2023-07-16T21:40:10","slug":"polityka-prywatnosci","status":"publish","type":"page","link":"https:\/\/krysztofiak.pl\/?page_id=394","title":{"rendered":"Polityka prywatno\u015bci"},"content":{"rendered":"\n<p><strong>Polityka prywatno\u015bci Serwisu internetowego www.krysztofiak.pl<\/strong><\/p>\n\n\n\n<p><strong>1. Definicje<\/strong><\/p>\n\n\n\n<p><strong>1.1. Administrator <\/strong>\u2013 P&amp;P Krysztofiak Sp. z o.o. z siedzib\u0105 w Poznaniu ul. Artura Grottgera 16\/1, 60-758 Pozna\u0144 NIP: 7792539272, REGON: 522010655 wpisana do Krajowego Rejestru S\u0105dowego prowadzonego przez S\u0105d Rejonowy Pozna\u0144- Nowe Miasto i Wilda w Poznaniu,&nbsp;nr&nbsp;KRS: 0000966759, kapita\u0142 zak\u0142adowy: 5000 z\u0142<\/p>\n\n\n\n<p><strong>1.2. Dane osobowe <\/strong>\u2013 informacje o osobie fizycznej zidentyfikowanej lub mo\u017cliwe do zidentyfikowania poprzez jeden b\u0105d\u017a kilka szczeg\u00f3lnych czynnik\u00f3w okre\u015blaj\u0105cych fizyczn\u0105, fizjologiczn\u0105, genetyczn\u0105, psychiczn\u0105, ekonomiczn\u0105, kulturow\u0105 lub spo\u0142eczn\u0105 to\u017csamo\u015b\u0107, w tym IP urz\u0105dzenia, identyfikator internetowy oraz informacje gromadzone za po\u015brednictwem plik\u00f3w cookie oraz innej podobnej technologii.<\/p>\n\n\n\n<p><strong>1.3. Polityka <\/strong>\u2013 niniejsza Polityka prywatno\u015bci.<\/p>\n\n\n\n<p><strong>1.4. RODO <\/strong>\u2013 rozporz\u0105dzenie Parlamentu Europejskiego i Rady (UE) 2016\/679 z 27.04.2016 r. w sprawie ochrony os\u00f3b fizycznych w zwi\u0105zku z przetwarzaniem danych osobowych i w sprawie swobodnego przep\u0142ywu takich danych oraz uchylenia dyrektywy 95\/46\/WE.<\/p>\n\n\n\n<p><strong>1.5. Serwis <\/strong>\u2013 strona internetowa prowadzona przez Administratora pod adresem www.krysztofiak.pl<\/p>\n\n\n\n<p><strong>1.6. U\u017cytkownik <\/strong>\u2013 ka\u017cda osoba fizyczna odwiedzaj\u0105ca Serwis lub korzystaj\u0105ca z jednej albo kilku us\u0142ug czy funkcjonalno\u015bci opisanych w Polityce.<\/p>\n\n\n\n<p><strong>2. Przetwarzanie Danych osobowych w zwi\u0105zku z korzystaniem z Serwisu<\/strong><\/p>\n\n\n\n<p><strong>2.1. <\/strong>Wzwi\u0105zku z korzystaniem przez U\u017cytkownika z Serwisu Administrator zbiera dane wy\u0142\u0105cznie w zakresie niezb\u0119dnym do \u015bwiadczenia poszczeg\u00f3lnych oferowanych us\u0142ug. Poni\u017cej zosta\u0142y opisane szczeg\u00f3\u0142owe zasady oraz cele przetwarzania Danych osobowych gromadzonych podczas korzystania z Serwisu przez U\u017cytkownika.&nbsp;<\/p>\n\n\n\n<p><strong>3. Cele i podstawy prawne przetwarzania Danych osobowych w Serwisie<\/strong><\/p>\n\n\n\n<p><strong>A) Korzystanie z Serwisu<\/strong><\/p>\n\n\n\n<p><strong>3.1.<\/strong> Dane osobowe wszystkich os\u00f3b korzystaj\u0105cych z Serwisu przetwarzane s\u0105 przez Administratora:<\/p>\n\n\n\n<p><strong>3.1.1. <\/strong>wcelu \u015bwiadczenia us\u0142ug drog\u0105 elektroniczn\u0105 w zakresie udost\u0119pniania U\u017cytkownikom tre\u015bci gromadzonych w Serwisie \u2013 w\u00f3wczas podstaw\u0105 prawn\u0105 przetwarzania jest niezb\u0119dno\u015b\u0107 przetwarzania do wykonania umowy (art. 6 ust. 1 lit. b RODO);<\/p>\n\n\n\n<p><strong>3.1.2. <\/strong>wcelu ustalenia i dochodzenia roszcze\u0144 lub obrony przed roszczeniami \u2013 podstaw\u0105 prawn\u0105 przetwarzania jest prawnie uzasadniony interes Administratora (art. 6 ust. 1 lit. f RODO), polegaj\u0105cy na ochronie jego praw.<\/p>\n\n\n\n<p><strong>B) Dane pozyskiwane przez kontakt<\/strong><\/p>\n\n\n\n<p><strong>3.2.<\/strong> Administrator zapewnia mo\u017cliwo\u015b\u0107 skontaktowania si\u0119 z nim tylko poprzez wys\u0142anie wiadomo\u015bci e-mail lub kontakt telefoniczny. Skorzystanie z wybranej formy kontaktu wymaga udost\u0119pnienia Administratorowi oraz os\u00f3b dzia\u0142aj\u0105cych w jego imieniu Danych osobowych niezb\u0119dnych do nawi\u0105zania kontaktu z U\u017cytkownikiem i udzielenia odpowiedzi na zapytanie. U\u017cytkownik mo\u017ce poda\u0107 tak\u017ce inne dane w celu u\u0142atwienia kontaktu lub obs\u0142ugi zapytania.<\/p>\n\n\n\n<p><strong>3.3.<\/strong> Powy\u017csze dane osobowe s\u0105 przetwarzane w celu identyfikacji nadawcy oraz obs\u0142ugi jego zapytania przes\u0142anego przez poczt\u0119 e-mail i\/lub telefon \u2013 podstaw\u0105 prawn\u0105 przetwarzania jest niezb\u0119dno\u015b\u0107 przetwarzania do wykonania umowy o \u015bwiadczenie us\u0142ugi (art. 6 ust. 1 lit. b RODO); w zakresie danych podanych fakultatywnie podstaw\u0105 prawn\u0105 przetwarzania jest zgoda (art. 6 ust. 1 lit. a RODO).<\/p>\n\n\n\n<p><strong>C) Marketing<\/strong><\/p>\n\n\n\n<p><strong>3.4.<\/strong> Dane osobowe U\u017cytkownika udost\u0119pnione w spos\u00f3b opisany w pkt 3B mog\u0105 by\u0107 r\u00f3wnie\u017c wykorzystywane przez Administratora, aby kierowa\u0107 do niego tre\u015bci marketingowe r\u00f3\u017cnymi kana\u0142ami, tj. za po\u015brednictwem poczty e-mail, drog\u0105 MMS\/SMS. Takie dzia\u0142ania s\u0105 podejmowane przez Administratora wy\u0142\u0105cznie po skierowaniu zapytania do U\u017cytkownika o ch\u0119\u0107 otrzymywania takich tre\u015bci, w przypadku, gdy U\u017cytkownik wyrazi\u0142 na nie zgod\u0119, kt\u00f3r\u0105 mo\u017ce wycofa\u0107 w dowolnym momencie.<\/p>\n\n\n\n<p><strong>3.5.<\/strong> Dane osobowe s\u0105 przetwarzane:<\/p>\n\n\n\n<p><strong>3.5.1. <\/strong>wcelu przes\u0142ania zam\u00f3wionej informacji handlowej \u2013 podstaw\u0105 prawn\u0105 przetwarzania, w tym z wykorzystaniem profilowania, jest prawnie uzasadniony interes Administratora (art. 6 ust. 1 lit. f RODO) w zwi\u0105zku z wyra\u017con\u0105 zgod\u0105;<\/p>\n\n\n\n<p><strong>3.5.2. <\/strong>wcelach analitycznych i statystycznych \u2013 podstaw\u0105 prawn\u0105 przetwarzania jest prawnie uzasadniony interes Administratora (art. 6 ust. 1 lit. f RODO), polegaj\u0105cy na prowadzeniu analiz aktywno\u015bci U\u017cytkownik\u00f3w w Serwisie w celu doskonalenia stosowanych funkcjonalno\u015bci.<\/p>\n\n\n\n<p><strong>4. Pliki cookie<\/strong><\/p>\n\n\n\n<p>4<strong>.1. <\/strong>Administrator korzysta z gotowych rozwi\u0105za\u0144 informatycznych zapewnionych przez WordPress.org Administrator korzysta wy\u0142\u0105cznie z niezb\u0119dnych Plik\u00f3w cookie. Wszystkie dane u\u017cytkownika pozyskane w ten spos\u00f3b s\u0105 przechowywane lokalnie tylko w witrynie internetowej. Nie zbieramy, ani nie przechowujemy \u017cadnych danych u\u017cytkownika na serwerach zewn\u0119trznych. W zakresie przetwarzania wykonujemy wy\u0142\u0105cznie czynno\u015b\u0107 przechowywania i usuwania tych danych. Ewentualne Pliki cookie zawarte w kodzie \u017ar\u00f3d\u0142owym strony internetowej s\u0105 w nim zawarte, aby umo\u017cliwi\u0107 U\u017cytkownikowi dost\u0119p do Serwisu i u\u0142atwi\u0107 U\u017cytkownikowi korzystanie z niego.<\/p>\n\n\n\n<p>4<strong>.2. <\/strong>Administrator nie wykorzystuje Plik\u00f3w cookie w celach analitycznych oraz marketingowych.<\/p>\n\n\n\n<p>4<strong>.3. <\/strong>Kod \u017ar\u00f3d\u0142owy strony internetowej mo\u017ce zawiera\u0107 te\u017c inne technologie i rozwi\u0105zania techniczne pozwalaj\u0105ce uzyska\u0107 dost\u0119p do informacji przechowywanej na urz\u0105dzeniu lub w przegl\u0105darce U\u017cytkownika (np. <em>Local Storage<\/em>, dzi\u0119ki kt\u00f3rej Administrator uzyskuje mo\u017cliwo\u015b\u0107 dost\u0119pu do informacji zapisywanych podczas korzystania z Serwisu w wydzielonej cz\u0119\u015bci pami\u0119ci przegl\u0105darki U\u017cytkownika). Administrator nie wykorzystuje tych danych.<\/p>\n\n\n\n<p><strong>Jakie rodzaje Plik\u00f3w cookie mog\u0105 zawiera\u0107 gotowe wzory stron internetowych?<\/strong><\/p>\n\n\n\n<p>4<strong>.4. <\/strong>Cookies stosowane w stronach internetowych dziel\u0105 si\u0119 na nast\u0119puj\u0105ce kategorie:<\/p>\n\n\n\n<figure class=\"wp-block-table\"><table><tbody><tr><td><strong>RODZAJ<\/strong><\/td><td><strong>OPIS<\/strong><\/td><\/tr><tr><td><strong>Niezb\u0119dne Pliki cookie<\/strong><\/td><td>Te pliki cookie s\u0105 instalowane, aby zapewni\u0107 U\u017cytkownikowi dost\u0119p do Serwisu i jego podstawowych funkcji, nie wymagaj\u0105 zatem zgody U\u017cytkownika. Bez niezb\u0119dnych Plik\u00f3w cookie Administrator nie by\u0142by w stanie \u015bwiadczy\u0107 U\u017cytkownikom us\u0142ug.<\/td><\/tr><tr><td><strong>Opcjonalne Pliki cookie<\/strong><\/td><td>Z tych cookies Administrator mo\u017ce skorzysta\u0107 wy\u0142\u0105cznie wtedy, gdy U\u017cytkownik wyrazi na to zgod\u0119. S\u0105 to cookies: \u2022 <strong>funkcjonalne <\/strong>\u2013 pozwalaj\u0105 na zapami\u0119tanie preferencji lub wybor\u00f3w U\u017cytkownik\u00f3w (takich jak nazwa u\u017cytkownika, j\u0119zyk, rozmiar tekstu lub inne elementy, kt\u00f3re mo\u017cna dostosowa\u0107) i dostarczanie u\u017cytkownikom spersonalizowanych tre\u015bci w ramach Serwisu; \u2022 <strong>analityczne <\/strong>\u2013 umo\u017cliwiaj\u0105 sprawdzenie liczby wizyt i \u017ar\u00f3de\u0142 ruchu w Serwisie. Pomagaj\u0105 rozpozna\u0107, kt\u00f3re strony s\u0105 mniej lub bardziej popularne, i zrozumie\u0107, jak u\u017cytkownicy poruszaj\u0105 si\u0119 po stronie. Dzi\u0119ki temu Administrator mo\u017ce poprawia\u0107 wydajno\u015b\u0107 Serwisu; \u2022 <strong>reklamowe <\/strong>\u2013 wykorzystywane s\u0105 w celu dostarczenia reklam zgodnych z zainteresowaniami i preferencjami U\u017cytkownik\u00f3w. Na podstawie informacji z tych plik\u00f3w i aktywno\u015bci w innych serwisach jest budowany profil zainteresowa\u0144 U\u017cytkownik\u00f3w.<\/td><\/tr><\/tbody><\/table><figcaption class=\"wp-element-caption\"> <\/figcaption><\/figure>\n\n\n\n<p><strong>&nbsp; &nbsp; Czy w Serwisie u\u017cywane s\u0105 Pliki cookie podmiot\u00f3w trzecich?<\/strong><\/p>\n\n\n\n<p><strong>4.5. <\/strong>Korzystaj\u0105c z Serwisu, U\u017cytkownik mo\u017ce otrzyma\u0107 Pliki cookie pochodz\u0105ce od wsp\u00f3\u0142pracuj\u0105cych z Administratorem podmiot\u00f3w trzecich. Administrator korzysta z otwartego oprogramowania oferowanego przez WordPress. Szczeg\u00f3\u0142owe informacje na temat us\u0142ug, z kt\u00f3rych korzysta Administrator znajduj\u0105 si\u0119 na stronie <a href=\"https:\/\/pl.wordpress.org\">https:\/\/pl.wordpress.org<\/a>&nbsp;<\/p>\n\n\n\n<p>Administrator korzysta z serwer\u00f3w oraz serwisu AZ.pl<\/p>\n\n\n\n<p>Powy\u017csze podmioty prowadz\u0105 w\u0142asne polityki prywatno\u015bci znajduj\u0105ce si\u0119 na stronach:<\/p>\n\n\n\n<figure class=\"wp-block-embed is-type-wp-embed is-provider-polska wp-block-embed-polska\"><div class=\"wp-block-embed__wrapper\">\n<blockquote class=\"wp-embedded-content\" data-secret=\"6DyodCeHt9\"><a href=\"https:\/\/pl.wordpress.org\/about\/privacy\/\">Polityka prywatno\u015bci<\/a><\/blockquote><iframe class=\"wp-embedded-content\" sandbox=\"allow-scripts\" security=\"restricted\" style=\"position: absolute; clip: rect(1px, 1px, 1px, 1px);\" title=\"&#8222;Polityka prywatno\u015bci&#8221; &#8212; Polska\" src=\"https:\/\/pl.wordpress.org\/about\/privacy\/embed\/#?secret=JXTsNV4Sow#?secret=6DyodCeHt9\" data-secret=\"6DyodCeHt9\" width=\"600\" height=\"338\" frameborder=\"0\" marginwidth=\"0\" marginheight=\"0\" scrolling=\"no\"><\/iframe>\n<\/div><\/figure>\n\n\n\n<p><a rel=\"noreferrer noopener\" href=\"https:\/\/regulaminy.az.pl\/polityka-prywatnosci-az.pdf\" target=\"_blank\">https:\/\/regulaminy.az.pl\/polityka-prywatnosci-az.pdf<\/a> <\/p>\n\n\n\n<p>Administrator korzysta z tzw. wtyczek spo\u0142eczno\u015bciowych do medi\u00f3w takich jak Facebook, Twitter i Google, czy Linkedin. S\u0142u\u017c\u0105 one do dzielenia si\u0119 tre\u015bciami lub ich polecania. Ka\u017cdy z dostawc\u00f3w medi\u00f3w spo\u0142eczno\u015bciowych ma swoj\u0105 w\u0142asn\u0105 Polityk\u0119 Prywatno\u015bci.<\/p>\n\n\n\n<p>Polityka prywatno\u015bci sp\u00f3\u0142ki Facebook znajduje si\u0119 tutaj: https:\/\/pl- pl.facebook.com\/privacy\/explanation\/<\/p>\n\n\n\n<p>Polityka prywatno\u015bci sp\u00f3\u0142ki Twitter znajduje si\u0119 tutaj: https:\/\/twitter.com\/en\/privacy<\/p>\n\n\n\n<p>Polityka prywatno\u015bci Google znajduje si\u0119 tutaj: https:\/\/support.google.com\/chrome\/answer\/95647?hl=pl&amp;co=GENIE.Platform%3DDesktop<\/p>\n\n\n\n<p>Polityka prywatno\u015bci Linkedin znajduje si\u0119 tutaj: https:\/\/pl.linkedin.com\/legal\/privacy-policy<\/p>\n\n\n\n<p><strong>Jak d\u0142ugo przechowywane s\u0105 Pliki cookie?<\/strong><\/p>\n\n\n\n<p><strong>4.6. <\/strong>W kodach \u017ar\u00f3d\u0142owych stron internetowych mog\u0105 by\u0107 stosowane s\u0105 sta\u0142e i sesyjne pliki cookie.<\/p>\n\n\n\n<figure class=\"wp-block-table\"><table><tbody><tr><td><strong>RODZAJ<\/strong><\/td><td><strong>OPIS<\/strong><\/td><\/tr><tr><td><strong>Sesyjne Pliki cookie<\/strong><\/td><td>Niekt\u00f3re cookies s\u0105 plikami tymczasowymi, <strong>przechowywanymi do czasu wylogowania, opuszczenia strony lub wy\u0142\u0105czenia przegl\u0105darki internetowej<\/strong>. Tego rodzaju cookies pomagaj\u0105 analizowa\u0107 ruch sieciowy, umo\u017cliwiaj\u0105 identyfikacj\u0119 i rozwi\u0105zywanie problem\u00f3w technicznych oraz \u0142atwiejsze poruszanie si\u0119 po Serwisie.<\/td><\/tr><tr><td><strong>\u201eSta\u0142e\u201d Pliki cookie<\/strong><\/td><td>\u201eSta\u0142e\u201d Pliki cookie przechowywane s\u0105 <strong>przez czas okre\u015blony w ich parametrach lub do czasu usuni\u0119cia ich przez U\u017cytkownika<\/strong>. Administrator w \u017caden spos\u00f3b nie korzysta z informacji pozwalaj\u0105cych na zapami\u0119tywanie ustawie\u0144 i preferencji U\u017cytkownika.<\/td><\/tr><\/tbody><\/table><\/figure>\n\n\n\n<p><strong>Jak mo\u017cna zmieni\u0107 ustawienia w zakresie cookies?<\/strong><\/p>\n\n\n\n<p>4<strong>.7. <\/strong>Przegl\u0105darka internetowa U\u017cytkownika powinna zapewnia\u0107 mo\u017cliwo\u015b\u0107 zmiany ustawie\u0144 tak, aby odrzuci\u0107, usun\u0105\u0107 lub zablokowa\u0107 okre\u015blone Pliki cookie.<\/p>\n\n\n\n<p>4<strong>.8. <\/strong>Poniewa\u017c niekt\u00f3re Pliki cookie s\u0105 niezb\u0119dne do funkcjonowania Serwisu, zmiana ustawie\u0144 przegl\u0105darki mo\u017ce sprawi\u0107, \u017ce niekt\u00f3re us\u0142ugi nie b\u0119d\u0105 dzia\u0142a\u0107 prawid\u0142owo, a nawet ca\u0142kowicie uniemo\u017cliwi\u0107 korzystanie z Serwisu.<\/p>\n\n\n\n<p><strong>5. Okres przetwarzania Danych osobowych<\/strong><\/p>\n\n\n\n<p><strong>5.1. <\/strong>Okres przetwarzania danych przez Administratora zale\u017cy od rodzaju \u015bwiadczonej us\u0142ugi i celu przetwarzania. Co do zasady dane przetwarzane s\u0105 przez czas \u015bwiadczenia us\u0142ugi, do czasu wycofania wyra\u017conej zgody lub zg\u0142oszenia skutecznego sprzeciwu wzgl\u0119dem przetwarzania danych w przypadkach, gdy podstaw\u0105 prawn\u0105 przetwarzania danych jest prawnie uzasadniony interes Administratora.<\/p>\n\n\n\n<p><strong>5.2. <\/strong>Okres przetwarzania danych mo\u017ce by\u0107 przed\u0142u\u017cony w przypadku, gdy przetwarzanie jest niezb\u0119dne do ustalenia i dochodzenia ewentualnych roszcze\u0144 lub obrony przed roszczeniami, a po tym czasie jedynie w przypadku i w zakresie, w jakim b\u0119d\u0105 wymaga\u0107 tego przepisy prawa. Po up\u0142ywie okresu przetwarzania dane s\u0105 nieodwracalnie usuwane lub anonimizowane.<\/p>\n\n\n\n<p><strong>6. Uprawnienia U\u017cytkownika<\/strong><\/p>\n\n\n\n<p><strong>6.1. <\/strong>U\u017cytkownikowi przys\u0142uguje prawo dost\u0119pu do tre\u015bci danych oraz \u017c\u0105dania ich sprostowania, usuni\u0119cia, ograniczenia przetwarzania, prawo do przenoszenia danych oraz prawo wniesienia skargi do organu nadzorczego zajmuj\u0105cego si\u0119 ochron\u0105 Danych osobowych.<\/p>\n\n\n\n<p><strong>6.2. <\/strong>U\u017cytkownikowi przys\u0142uguje r\u00f3wnie\u017c prawo wniesienia sprzeciwu wzgl\u0119dem przetwarzania danych, kt\u00f3re odbywa si\u0119 w oparciu o prawnie uzasadniony interes Administratora.<\/p>\n\n\n\n<p><strong>6.3. <\/strong>Wzakresie, w jakim dane U\u017cytkownika przetwarzane s\u0105 na podstawie zgody, mo\u017cna t\u0119 zgod\u0119 wycofa\u0107 w dowolnym momencie, kontaktuj\u0105c si\u0119 z Administratorem poprzez wiadomo\u015b\u0107 e-mail lub telefon podany w Serwisie oraz niniejszej Polityce.<\/p>\n\n\n\n<p><strong>6.4. <\/strong>Je\u017celi masz jakiekolwiek uwagi odno\u015bnie Twoich danych, niniejszej polityki prywatno\u015bci lub stosowanych przez nas rozwi\u0105za\u0144, poinformuj nas o tym poprzez kontakt do Administratora.<\/p>\n\n\n\n<p><strong>7. Odbiorcy Danych osobowych<\/strong><\/p>\n\n\n\n<p><strong>7.1. <\/strong>Wzwi\u0105zku z realizacj\u0105 us\u0142ug Dane osobowe mog\u0105 by\u0107 ujawniane zewn\u0119trznym podmiotom, w tym w szczeg\u00f3lno\u015bci dostawcom us\u0142ug IT pozwalaj\u0105cym na prawid\u0142owe korzystanie z Serwisu.<\/p>\n\n\n\n<p><strong>7.2. <\/strong>Wprzypadku uzyskania zgody U\u017cytkownika jego dane mog\u0105 zosta\u0107 tak\u017ce udost\u0119pnione innym podmiotom do ich w\u0142asnych cel\u00f3w, w tym cel\u00f3w marketingowych.<\/p>\n\n\n\n<p><strong>7.3. <\/strong>Administrator zastrzega sobie prawo ujawnienia wybranych informacji dotycz\u0105cych U\u017cytkownika w\u0142a\u015bciwym organom b\u0105d\u017a osobom trzecim, kt\u00f3re zg\u0142osz\u0105 \u017c\u0105danie udzielenia takich informacji, opieraj\u0105c si\u0119 na odpowiedniej podstawie prawnej oraz zgodnie z przepisami obowi\u0105zuj\u0105cego prawa.<\/p>\n\n\n\n<p><strong>8. Przekazywanie Danych osobowych poza EOG<\/strong><\/p>\n\n\n\n<p><strong>8.1. <\/strong>Poziom ochrony Danych osobowych poza Europejskim Obszarem Gospodarczym (EOG) r\u00f3\u017cni si\u0119 od tego zapewnianego przez prawo europejskie. Z tego powodu Administrator przekazuje Dane osobowe poza EOG tylko wtedy, gdy jest to konieczne, i z zapewnieniem odpowiedniego stopnia ochrony, przede wszystkim poprzez:<\/p>\n\n\n\n<p><strong>8.1.1. <\/strong>wsp\u00f3\u0142prac\u0119 z podmiotami przetwarzaj\u0105cymi Dane osobowe w pa\u0144stwach, w odniesieniu do kt\u00f3rych zosta\u0142a wydana stosowna decyzja Komisji Europejskiej dotycz\u0105ca stwierdzenia zapewnienia odpowiedniego stopnia ochrony Danych osobowych;<\/p>\n\n\n\n<p><strong>8.1.2. <\/strong>stosowanie standardowych klauzul umownych wydanych przez Komisj\u0119 Europejsk\u0105;<\/p>\n\n\n\n<p><strong>8.1.3. <\/strong>stosowanie wi\u0105\u017c\u0105cych regu\u0142 korporacyjnych zatwierdzonych przez w\u0142a\u015bciwy organ nadzorczy.<\/p>\n\n\n\n<p><strong>8.2. <\/strong>Administrator zawsze informuje o zamiarze przekazania Danych osobowych poza EOG.<\/p>\n\n\n\n<p><strong>9. Bezpiecze\u0144stwo Danych osobowych<\/strong><\/p>\n\n\n\n<p><strong>9.1. <\/strong>Administrator na bie\u017c\u0105co prowadzi analiz\u0119 ryzyka w celu zapewnienia, \u017ce Dane osobowe przetwarzane s\u0105 przez niego w spos\u00f3b bezpieczny \u2013 zapewniaj\u0105cy przede wszystkim, \u017ce dost\u0119p do danych maj\u0105 jedynie osoby upowa\u017cnione i jedynie w zakresie, w jakim jest to niezb\u0119dne ze wzgl\u0119du na wykonywane przez nie zadania. Administrator dba o to, by wszystkie operacje na Danych osobowych by\u0142y rejestrowane i dokonywane jedynie przez uprawnionych pracownik\u00f3w i wsp\u00f3\u0142pracownik\u00f3w.<\/p>\n\n\n\n<p><strong>9.2. <\/strong>Administrator podejmuje wszelkie niezb\u0119dne dzia\u0142ania, by tak\u017ce jego podwykonawcy i inne podmioty wsp\u00f3\u0142pracuj\u0105ce dawa\u0142y gwarancj\u0119 stosowania odpowiednich \u015brodk\u00f3w bezpiecze\u0144stwa w ka\u017cdym przypadku, gdy przetwarzaj\u0105 Dane osobowe na zlecenie Administratora.<\/p>\n\n\n\n<p><strong>10. Dane kontaktowe<\/strong><\/p>\n\n\n\n<p><strong>10.1. <\/strong>Kontakt z Administratorem jest mo\u017cliwy poprzez wiadomo\u015b\u0107 e-mail lub telefon. Po wcze\u015bniejszym um\u00f3wieniu mo\u017cliwy jest tak\u017ce kontakt osobisty w siedzibie Administratora.<\/p>\n\n\n\n<p>P&amp;P Krysztofiak Sp. z o.o. z siedzib\u0105 w Poznaniu<\/p>\n\n\n\n<p>tel. +48 531 021 531<\/p>\n\n\n\n<p>e-mail: pp@krysztofiak.pl<\/p>\n\n\n\n<p>adres: ul. Artura Grottgera 16\/1, 60-758 Pozna\u0144<\/p>\n\n\n\n<p><strong>11. Zmiany Polityki prywatno\u015bci<\/strong><\/p>\n\n\n\n<p><strong>11.1. <\/strong>Polityka jest na bie\u017c\u0105co weryfikowana i w razie potrzeby aktualizowana.<\/p>\n\n\n\n<p><strong>11.2. <\/strong>Aktualna wersja Polityki zosta\u0142a przyj\u0119ta i obowi\u0105zuje od 15 lipca 2023 r.<\/p>\n","protected":false},"excerpt":{"rendered":"<p>Polityka prywatno\u015bci Serwisu internetowego www.krysztofiak.pl 1. Definicje 1.1. Administrator \u2013 P&amp;P Krysztofiak Sp. z o.o. z siedzib\u0105 w Poznaniu ul. Artura Grottgera 16\/1, 60-758 Pozna\u0144 NIP: 7792539272, REGON: 522010655 wpisana do Krajowego Rejestru S\u0105dowego prowadzonego przez S\u0105d Rejonowy Pozna\u0144- Nowe Miasto i Wilda w Poznaniu,&nbsp;nr&nbsp;KRS: 0000966759, kapita\u0142 zak\u0142adowy: 5000 z\u0142<a class=\"moretag\" href=\"https:\/\/krysztofiak.pl\/?page_id=394\"> Czytaj wi\u0119cej<\/a><\/p>\n","protected":false},"author":1,"featured_media":0,"parent":325,"menu_order":0,"comment_status":"closed","ping_status":"closed","template":"","meta":[],"_links":{"self":[{"href":"https:\/\/krysztofiak.pl\/index.php?rest_route=\/wp\/v2\/pages\/394"}],"collection":[{"href":"https:\/\/krysztofiak.pl\/index.php?rest_route=\/wp\/v2\/pages"}],"about":[{"href":"https:\/\/krysztofiak.pl\/index.php?rest_route=\/wp\/v2\/types\/page"}],"author":[{"embeddable":true,"href":"https:\/\/krysztofiak.pl\/index.php?rest_route=\/wp\/v2\/users\/1"}],"replies":[{"embeddable":true,"href":"https:\/\/krysztofiak.pl\/index.php?rest_route=%2Fwp%2Fv2%2Fcomments&post=394"}],"version-history":[{"count":3,"href":"https:\/\/krysztofiak.pl\/index.php?rest_route=\/wp\/v2\/pages\/394\/revisions"}],"predecessor-version":[{"id":507,"href":"https:\/\/krysztofiak.pl\/index.php?rest_route=\/wp\/v2\/pages\/394\/revisions\/507"}],"up":[{"embeddable":true,"href":"https:\/\/krysztofiak.pl\/index.php?rest_route=\/wp\/v2\/pages\/325"}],"wp:attachment":[{"href":"https:\/\/krysztofiak.pl\/index.php?rest_route=%2Fwp%2Fv2%2Fmedia&parent=394"}],"curies":[{"name":"wp","href":"https:\/\/api.w.org\/{rel}","templated":true}]}}